{"id":334,"date":"2020-11-16T18:33:32","date_gmt":"2020-11-16T17:33:32","guid":{"rendered":"http:\/\/deshumidifications.com\/?page_id=334"},"modified":"2020-11-16T18:55:23","modified_gmt":"2020-11-16T17:55:23","slug":"photocatalyse","status":"publish","type":"page","link":"https:\/\/deshumidifications.com\/index.php\/photocatalyse\/","title":{"rendered":"Photocatalyse"},"content":{"rendered":"<p>[et_pb_section fb_built=\u00a0\u00bb1&Prime; _builder_version=\u00a0\u00bb3.29.3&Prime; custom_padding=\u00a0\u00bb60px|||||\u00a0\u00bb fb_built=\u00a0\u00bb1&Prime; _i=\u00a0\u00bb0&Prime; _address=\u00a0\u00bb0&Prime;][et_pb_row _builder_version=\u00a0\u00bb3.29.3&Prime; custom_padding=\u00a0\u00bb2px||22px|||\u00a0\u00bb _i=\u00a0\u00bb0&Prime; _address=\u00a0\u00bb0.0&Prime;][et_pb_column type=\u00a0\u00bb4_4&Prime; _builder_version=\u00a0\u00bb3.29.3&Prime; _i=\u00a0\u00bb0&Prime; _address=\u00a0\u00bb0.0.0&Prime;][et_pb_text _builder_version=\u00a0\u00bb3.29.3&Prime; _i=\u00a0\u00bb0&Prime; _address=\u00a0\u00bb0.0.0.0&Prime;]<\/p>\n<h2 style=\"text-align: center;\"><strong>DECONTAMINATION D\u2018AIR ET DESODORISATION PAR PHOTOCATALYSE<\/strong><\/h2>\n<p>[\/et_pb_text][\/et_pb_column][\/et_pb_row][et_pb_row column_structure=\u00a0\u00bb1_2,1_2&Prime; _builder_version=\u00a0\u00bb3.29.3&Prime; custom_padding=\u00a0\u00bb8px||34px|||\u00a0\u00bb _i=\u00a0\u00bb1&Prime; _address=\u00a0\u00bb0.1&Prime;][et_pb_column type=\u00a0\u00bb1_2&Prime; _builder_version=\u00a0\u00bb3.29.3&Prime; _i=\u00a0\u00bb0&Prime; _address=\u00a0\u00bb0.1.0&Prime;][et_pb_image src=\u00a0\u00bbhttps:\/\/deshumidifications.com\/wp-content\/uploads\/2020\/11\/photo-lux.png\u00a0\u00bb align=\u00a0\u00bbright\u00a0\u00bb _builder_version=\u00a0\u00bb3.29.3&Prime; _i=\u00a0\u00bb0&Prime; _address=\u00a0\u00bb0.1.0.0&Prime;][\/et_pb_image][et_pb_text _builder_version=\u00a0\u00bb3.29.3&Prime; _i=\u00a0\u00bb1&Prime; _address=\u00a0\u00bb0.1.0.1&Prime;]<\/p>\n<p>&nbsp;<\/p>\n<p>&nbsp;<\/p>\n<h3><span style=\"color: #0c71c3;\">AVANTAGES<\/span><\/h3>\n<p style=\"text-align: justify;\">Proc\u00e9d\u00e9 \u00e9cologique, aucune pollution secondaire, sans utilisation de produit chimique, fonctionnement silencieux en pr\u00e9sence humaine.<\/p>\n<p>[\/et_pb_text][\/et_pb_column][et_pb_column type=\u00a0\u00bb1_2&Prime; _builder_version=\u00a0\u00bb3.29.3&Prime; _i=\u00a0\u00bb1&Prime; _address=\u00a0\u00bb0.1.1&Prime;][et_pb_image src=\u00a0\u00bbhttps:\/\/deshumidifications.com\/wp-content\/uploads\/2020\/11\/ozone-avise.png\u00a0\u00bb _builder_version=\u00a0\u00bb3.29.3&Prime; custom_margin=\u00a0\u00bb||16px|||\u00a0\u00bb _i=\u00a0\u00bb0&Prime; _address=\u00a0\u00bb0.1.1.0&Prime;][\/et_pb_image][et_pb_text _builder_version=\u00a0\u00bb3.29.3&Prime; custom_padding=\u00a0\u00bb21px|||||\u00a0\u00bb _i=\u00a0\u00bb1&Prime; _address=\u00a0\u00bb0.1.1.1&Prime;]<\/p>\n<h2 style=\"text-align: justify;\"><span style=\"color: #0c71c3;\"><strong>PRINCIPE DE LA PHOTOCATALYSE<\/strong><\/span><\/h2>\n<p style=\"text-align: justify;\">\n<p style=\"text-align: justify;\"><strong>Photo-lux<\/strong> est un traitement issu des derniers d\u00e9veloppements en nanotechnologie exploitant la <strong>photocatalyse<\/strong> par le dioxyde de titane <strong>(TIO2)<\/strong> stable et non toxique lorsque les nano particules sont irradi\u00e9es par les rayons U.V. elles forment en quelque sorte de l\u2019oxyg\u00e8ne actif en r\u00e9agissant avec l\u2019oxyg\u00e8ne et l\u2019eau contenues naturellement dans l\u2019air ambiant. Ce processus est ressemblant \u00e0 la photosynth\u00e8se des plantes par laquelle la Chlorophylle capture la lumi\u00e8re du soleil pour transformer l\u2019eau et le gaz carbonique en oxyg\u00e8ne et en glucose.L\u2019oxyg\u00e8ne actif provenant de cette r\u00e9action <strong>photocatalytique<\/strong> puissante conduit \u00e0 la destruction des mol\u00e9cules et des micro-organismes a\u00e9roport\u00e9s en continu et d\u00e9truit la majorit\u00e9 des polluants.<\/p>\n<p>[\/et_pb_text][\/et_pb_column][\/et_pb_row][et_pb_row column_structure=\u00a0\u00bb1_3,1_3,1_3&Prime; _builder_version=\u00a0\u00bb3.29.3&Prime; custom_padding=\u00a0\u00bb11px||6px|||\u00a0\u00bb _i=\u00a0\u00bb2&Prime; _address=\u00a0\u00bb0.2&Prime;][et_pb_column type=\u00a0\u00bb1_3&Prime; _builder_version=\u00a0\u00bb3.29.3&Prime; _i=\u00a0\u00bb0&Prime; _address=\u00a0\u00bb0.2.0&Prime;][et_pb_text _builder_version=\u00a0\u00bb3.29.3&Prime; _i=\u00a0\u00bb0&Prime; _address=\u00a0\u00bb0.2.0.0&Prime;]<\/p>\n<h2 align=\"left\"><span style=\"color: #0c71c3;\">APPLICATIONS<\/span><\/h2>\n<p>&nbsp;<\/p>\n<ul>\n<li>Usines agroalimentaire<\/li>\n<li>Abattoirs<\/li>\n<li>Boulangeries industrielles<\/li>\n<li>Caves vinicoles<\/li>\n<li>H\u00f4pitaux &#8211; Cliniques<\/li>\n<li>Cabinets dentaires<\/li>\n<li>Laboratoires pharmaceutiques<\/li>\n<li>Cabinets v\u00e9t\u00e9rinaires<\/li>\n<li>Pharmacies<\/li>\n<li>Salons de coiffure<\/li>\n<li>Salles d\u2019attentes<\/li>\n<li>Cabinets m\u00e9dicaux<\/li>\n<li>Morgues<\/li>\n<li>Chambres mortuaires<\/li>\n<\/ul>\n<h3><span style=\"color: #0c71c3;\">EFFICACITE<\/span><\/h3>\n<p>&nbsp;<\/p>\n<p>&nbsp;<\/p>\n<ul>\n<li style=\"text-align: justify;\">Les compos\u00e9s organiques volatils <strong>(COV)<\/strong><\/li>\n<li style=\"text-align: justify;\">Les gaz, oxydes d\u2019azote <strong>(NOX)<\/strong><\/li>\n<li style=\"text-align: justify;\">Les odeurs humaines, animales et chimiques<\/li>\n<li style=\"text-align: justify;\">Les bact\u00e9ries, virus, staphylocoque dor\u00e9, pseudonymies, grippe aviaire<\/li>\n<li style=\"text-align: justify;\">Les moisissures, algues, champignons, spores<\/li>\n<li style=\"text-align: justify;\">Les allerg\u00e8nes d\u2019animaux domestiques, pollen, acariens, etc.<\/li>\n<li style=\"text-align: justify;\">Durant cette r\u00e9action les particules de titane ne sont pas d\u00e9grad\u00e9es et agissent ainsi plusieurs ann\u00e9es, Le r\u00e9sultat de cette d\u00e9composition est principalement de l\u2019eau et du <strong>CO2<\/strong>.<\/li>\n<\/ul>\n<p>&nbsp;<\/p>\n<p>[\/et_pb_text][\/et_pb_column][et_pb_column type=\u00a0\u00bb1_3&Prime; _builder_version=\u00a0\u00bb3.29.3&Prime; _i=\u00a0\u00bb1&Prime; _address=\u00a0\u00bb0.2.1&Prime;][et_pb_text _builder_version=\u00a0\u00bb3.29.3&Prime; _i=\u00a0\u00bb0&Prime; _address=\u00a0\u00bb0.2.1.0&Prime;]<\/p>\n<h3><span style=\"color: #0c71c3;\">CHASSIS ET CARROSSERIE<\/span><\/h3>\n<p>&nbsp;<\/p>\n<ul>\n<li>Ch\u00e2ssis aluminium laque haute protection<\/li>\n<li>Carrosserie en inox 304 L bross\u00e9e pour un design soign\u00e9<\/li>\n<li>Portes d\u2019acc\u00e8s aux filtres pour une maintenance facile<\/li>\n<li>Conception assurant la protection des \u00e9l\u00e9ments de fa\u00e7ade (Voyant, compteur et commutateur encastr\u00e9)<\/li>\n<li>Hublot grande section pour la surveillance du fonctionnement des lampes UV.<\/li>\n<\/ul>\n<p>&nbsp;<\/p>\n<h3><span style=\"color: #0c71c3;\">PRE-FILTRATION<\/p>\n<p><\/span><\/h3>\n<p style=\"text-align: justify;\">\n<ul>\n<li style=\"text-align: justify;\">Filtre efficace G4 souple, compos\u00e9 d\u2019un complexe synth\u00e9tique\/polypropyl\u00e8ne<\/li>\n<li style=\"text-align: justify;\">Filtre F7 fibre de verre, cadre en acier galvanis\u00e9 enti\u00e8rement recyclable<\/li>\n<li style=\"text-align: justify;\">Bonne r\u00e9sistance m\u00e9canique aux conditions de fonctionnement de temp\u00e9rature\/hygrom\u00e9trie des usines<\/li>\n<li style=\"text-align: justify;\">agro-alimentaires, laboratoires et caves vinicoles<\/li>\n<\/ul>\n<p>[\/et_pb_text][\/et_pb_column][et_pb_column type=\u00a0\u00bb1_3&Prime; _builder_version=\u00a0\u00bb3.29.3&Prime; _i=\u00a0\u00bb2&Prime; _address=\u00a0\u00bb0.2.2&Prime;][et_pb_text _builder_version=\u00a0\u00bb3.29.3&Prime; custom_margin=\u00a0\u00bb|||2px||\u00a0\u00bb _i=\u00a0\u00bb0&Prime; _address=\u00a0\u00bb0.2.2.0&Prime;]<\/p>\n<h3><span style=\"color: #0c71c3;\">VENTILATION<\/span><\/h3>\n<p>&nbsp;<\/p>\n<p style=\"text-align: justify;\">Ventilateur \u00e0 r\u00e9action haut rendement sans entretien 5 ans en fonctionnement permanent.<\/p>\n<p style=\"text-align: justify;\">\n<h3 style=\"text-align: justify;\"><span style=\"color: #0c71c3;\">FILTRATION<\/span><\/h3>\n<p style=\"text-align: justify;\">\n<ul style=\"text-align: justify;\">\n<li>Media sp\u00e9cifique FOTO-LUX charge de catalyseur TIO2 (dioxyde de titane)<\/li>\n<li>Et rayons ultra-violets pour d\u00e9sorption et destruction des polluants par photocatalyse.<\/li>\n<\/ul>\n<p style=\"text-align: justify;\">\n<h3 style=\"text-align: justify;\"><span style=\"color: #0c71c3;\">COFFRET ELECTRIQUE<\/span><\/h3>\n<p style=\"text-align: justify;\">\n<ul style=\"text-align: justify;\">\n<li>Coffret int\u00e9gr\u00e9, comprenant une protection de s\u00e9curit\u00e9 et r\u00e9gulation<\/li>\n<li>Voyant sous tension et fonctionnement<\/li>\n<li>Compteur horaire IP 65 pour l\u2019indication du temps de fonctionnement et maintenance toutes les 4000 heures<\/li>\n<li>C\u00e2ble d\u2019alimentation \u00e9lectrique fourni longueur 6 m\u00e8tres avec prise 2P + T (10 \/16 A).<\/li>\n<\/ul>\n<p style=\"text-align: justify;\">\n<h3 style=\"text-align: justify;\"><span style=\"color: #0c71c3;\">INSTALLATION<\/span><\/h3>\n<p style=\"text-align: justify;\">\n<ul>\n<li style=\"text-align: justify;\">Suivant la configuration du local \u00e0 traiter, il est possible de l\u2019installer au sol, sur console murale ou suspendu.<\/li>\n<li style=\"text-align: justify;\">Appareil livr\u00e9, pr\u00eat au fonctionnement.<\/li>\n<\/ul>\n<p>[\/et_pb_text][\/et_pb_column][\/et_pb_row][et_pb_row _builder_version=\u00a0\u00bb3.29.3&Prime; custom_padding=\u00a0\u00bb0px|||||\u00a0\u00bb _i=\u00a0\u00bb3&Prime; _address=\u00a0\u00bb0.3&Prime;][et_pb_column type=\u00a0\u00bb4_4&Prime; _builder_version=\u00a0\u00bb3.29.3&Prime; _i=\u00a0\u00bb0&Prime; _address=\u00a0\u00bb0.3.0&Prime;][et_pb_text _builder_version=\u00a0\u00bb3.29.3&Prime; _i=\u00a0\u00bb0&Prime; _address=\u00a0\u00bb0.3.0.0&Prime;]<\/p>\n<p><strong>Micro-Organismes aeroport\u00e9s bact\u00e9ries, virus, champignons, moisissures ODEURS &#8211; POLLUTIONS GAZEUSES (COV, NOX, &#8230;)<\/strong><\/p>\n<p>[\/et_pb_text][et_pb_image src=\u00a0\u00bbhttps:\/\/deshumidifications.com\/wp-content\/uploads\/2020\/11\/galeria.png\u00a0\u00bb align=\u00a0\u00bbcenter\u00a0\u00bb _builder_version=\u00a0\u00bb3.29.3&Prime; _i=\u00a0\u00bb1&Prime; _address=\u00a0\u00bb0.3.0.1&Prime;][\/et_pb_image][\/et_pb_column][\/et_pb_row][\/et_pb_section]<\/p>\n","protected":false},"excerpt":{"rendered":"<p>[et_pb_section fb_built=\u00a0\u00bb1&Prime; _builder_version=\u00a0\u00bb3.29.3&Prime; custom_padding=\u00a0\u00bb60px|||||\u00a0\u00bb fb_built=\u00a0\u00bb1&Prime; _i=\u00a0\u00bb0&Prime; _address=\u00a0\u00bb0&Prime;][et_pb_row _builder_version=\u00a0\u00bb3.29.3&Prime; custom_padding=\u00a0\u00bb2px||22px|||\u00a0\u00bb _i=\u00a0\u00bb0&Prime; _address=\u00a0\u00bb0.0&Prime;][et_pb_column type=\u00a0\u00bb4_4&Prime; _builder_version=\u00a0\u00bb3.29.3&Prime; _i=\u00a0\u00bb0&Prime; _address=\u00a0\u00bb0.0.0&Prime;][et_pb_text _builder_version=\u00a0\u00bb3.29.3&Prime; _i=\u00a0\u00bb0&Prime; _address=\u00a0\u00bb0.0.0.0&Prime;] DECONTAMINATION D\u2018AIR ET DESODORISATION PAR PHOTOCATALYSE [\/et_pb_text][\/et_pb_column][\/et_pb_row][et_pb_row column_structure=\u00a0\u00bb1_2,1_2&Prime; _builder_version=\u00a0\u00bb3.29.3&Prime; custom_padding=\u00a0\u00bb8px||34px|||\u00a0\u00bb _i=\u00a0\u00bb1&Prime; _address=\u00a0\u00bb0.1&Prime;][et_pb_column type=\u00a0\u00bb1_2&Prime; _builder_version=\u00a0\u00bb3.29.3&Prime; _i=\u00a0\u00bb0&Prime; _address=\u00a0\u00bb0.1.0&Prime;][et_pb_image src=\u00a0\u00bbhttps:\/\/deshumidifications.com\/wp-content\/uploads\/2020\/11\/photo-lux.png\u00a0\u00bb align=\u00a0\u00bbright\u00a0\u00bb _builder_version=\u00a0\u00bb3.29.3&Prime; _i=\u00a0\u00bb0&Prime; _address=\u00a0\u00bb0.1.0.0&Prime;][\/et_pb_image][et_pb_text _builder_version=\u00a0\u00bb3.29.3&Prime; _i=\u00a0\u00bb1&Prime; _address=\u00a0\u00bb0.1.0.1&Prime;] &nbsp; &nbsp; AVANTAGES Proc\u00e9d\u00e9 \u00e9cologique, aucune pollution secondaire, sans utilisation de produit chimique, [&hellip;]<\/p>\n","protected":false},"author":1,"featured_media":0,"parent":0,"menu_order":0,"comment_status":"closed","ping_status":"closed","template":"","meta":{"_et_pb_use_builder":"on","_et_pb_old_content":"","footnotes":""},"_links":{"self":[{"href":"https:\/\/deshumidifications.com\/index.php\/wp-json\/wp\/v2\/pages\/334"}],"collection":[{"href":"https:\/\/deshumidifications.com\/index.php\/wp-json\/wp\/v2\/pages"}],"about":[{"href":"https:\/\/deshumidifications.com\/index.php\/wp-json\/wp\/v2\/types\/page"}],"author":[{"embeddable":true,"href":"https:\/\/deshumidifications.com\/index.php\/wp-json\/wp\/v2\/users\/1"}],"replies":[{"embeddable":true,"href":"https:\/\/deshumidifications.com\/index.php\/wp-json\/wp\/v2\/comments?post=334"}],"version-history":[{"count":5,"href":"https:\/\/deshumidifications.com\/index.php\/wp-json\/wp\/v2\/pages\/334\/revisions"}],"predecessor-version":[{"id":349,"href":"https:\/\/deshumidifications.com\/index.php\/wp-json\/wp\/v2\/pages\/334\/revisions\/349"}],"wp:attachment":[{"href":"https:\/\/deshumidifications.com\/index.php\/wp-json\/wp\/v2\/media?parent=334"}],"curies":[{"name":"wp","href":"https:\/\/api.w.org\/{rel}","templated":true}]}}